eatest common factor of 246 and 181466?
82
What is the highest common factor of 24 and 201392?
8
What is the highest common divisor of 192 and 511936?
64
Calculate the greatest common factor of 132 and 11671.
11
What is the greatest common factor of 14599 and 1209?
13
Calculate the highest common divisor of 21957317 and 1961.
1961
Calculate the highest common divisor of 15 and 3981.
3
What is the highest common factor of 64044 and 108?
108
What is the highest common divisor of 116402 and 572?
286
What is the highest common divisor of 23800 and 1736?
56
Calculate the highest common factor of 21 and 328167.
21
What is the greatest common factor of 81 and 5490?
9
What is the highest common divisor of 352 and 447904?
32
Calculate the greatest common factor of 239910 and 132.
66
Calculate the greatest common divisor of 4108 and 7124.
52
Calculate the highest common factor of 4448 and 39337.
139
Calculate the highest common divisor of 304300 and 11475.
425
Calculate the greatest common divisor of 255 and 188445.
255
What is the greatest common divisor of 24464 and 616?
88
What is the greatest common divisor of 48580 and 280?
140
Calculate the greatest common factor of 13195 and 665.
35
What is the highest common divisor of 22 and 291687?
11
What is the highest common divisor of 401128 and 12103?
1729
Calculate the greatest common divisor of 134 and 2012278.
134
What is the highest common factor of 59461 and 2452?
613
Calculate the highest common factor of 44 and 7546.
22
Calculate the greatest common factor of 28063 and 10906.
133
What is the greatest common divisor of 103488 and 693?
231
Calculate the greatest common divisor of 22878 and 17712.
738
Calculate the highest common divisor of 56 and 336770.
14
Calculate the greatest common factor of 159705 and 126.
63
Calculate the highest common divisor of 2934 and 70579.
163
Calculate the greatest common factor of 64372 and 627.
209
What is the highest common factor of 85 and 2165?
5
Calculate the highest common divisor of 1408 and 506858.
22
Calculate the greatest common factor of 173711 and 542.
271
What is the highest common divisor of 60455 and 16585?
535
What is the greatest common divisor of 850 and 908990?
170
Calculate the highest common divisor of 1069930 and 260.
10
What is the greatest common divisor of 516 and 1181640?
516
What is the greatest common divisor of 1003 and 459?
17
Calculate the greatest common divisor of 30216 and 197663.
1259
What is the highest common divisor of 3 and 4934?
1
What is the highest common factor of 1154458 and 443?
443
Calculate the highest common factor of 8868 and 24.
12
What is the highest common divisor of 100487 and 92?
23
What is the highest common factor of 149 and 453109?
149
What is the greatest common divisor of 382 and 353159?
191
Calculate the highest common factor of 1064578 and 46.
46
What is the greatest common divisor of 2880278 and 1138?
1138
Calculate the greatest common factor of 39 and 23127.
39
What is the greatest common divisor of 40 and 1052680?
40
Calculate the highest common divisor of 3545 and 4315683.
709
What is the highest common divisor of 1450 and 115130?
290
Calculate the greatest common divisor of 30 and 18030.
30
Calculate the highest common factor of 105 and 58080.
15
What is the highest common divisor of 201041 and 3429?
127
What is the highest common factor of 19966 and 447?
149
Calculate the highest common divisor of 6120 and 24582.
102
What is the highest common factor of 744 and 75051?
93
Calculate the highest common factor of 6304 and 1232.
16
What is the greatest common factor of 31 and 2714?
1
Calculate the highest common divisor of 214 and 1872179.
107
What is the greatest common factor of 516 and 497252?
172
What is the greatest common divisor of 1387155 and 231?
231
What is the highest common factor of 26159 and 74?
37
What is the highest common divisor of 300 and 2270?
10
Calculate the highest common divisor of 187516 and 7.
7
Calculate the greatest common factor of 57425 and 1075.
25
Calculate the highest common divisor of 96239 and 429.
143
What is the highest common factor of 7748 and 468?
52
Calculate the greatest common divisor of 8415 and 31790.
935
What is the highest common divisor of 243 and 137556?
9
What is the highest common factor of 4080 and 1783980?
1020
What is the greatest common divisor of 33960 and 435?
15
Calculate the greatest common factor of 1473 and 133061.
491
Calculate the highest common divisor of 544 and 333528.
8
Calculate the greatest common factor of 492 and 1441806.
246
What is the highest common factor of 224 and 1288784?
112
Calculate the greatest common factor of 88142 and 2.
2
What is the highest common divisor of 3174 and 5888?
46
What is the highest common factor of 22282 and 78?
26
Calculate the greatest common factor of 7785 and 36.
9
Calculate the highest common divisor of 241747 and 22.
11
What is the greatest common factor of 513193 and 5191?
179
What is the highest common divisor of 69 and 153249?
69
What is the greatest common factor of 111489 and 147?
21
What is the highest common divisor of 8058 and 3111?
51
Calculate the greatest common factor of 85680 and 227120.
1360
What is the greatest common divisor of 3885 and 6720?
105
What is the greatest common factor of 40 and 119630?
10
Calculate the greatest common factor of 522 and 568.
2
Calculate the greatest common factor of 1344 and 9156.
84
Calculate the greatest common factor of 18557 and 112.
7
Calculate the highest common divisor of 3773 and 44247.
343
Calculate the greatest common factor of 35973 and 252.
63
What is the highest common divisor of 438163 and 671?
671
Calculate the highest common factor of 7925 and 634.
317
What is the greatest common factor of 940 and 2?
2
Calculate the highest common factor of 1741455 and 135.
45
Calculate the greatest common factor of 3599 and 793.
61
What is the highest common divisor of 125 and 4300?
25
What is the greatest common factor of 1568083 and 11?
11
What is the greatest common factor of 38 and 257507?
19
Calculate the greatest common divisor of 3110 and 27368.
622
Calculate the greatest common factor of 108 and 1536.
12
What is the greatest common factor of 2123010 and 60?
30
What is the highest common factor of 320736 and 44928?
1248
Calculate the greatest common factor of 105912 and 108.
36
What is the highest common divisor of 43550 and 338?
26
Calculate the greatest common divisor of 42 and 707.
7
Calculate the greatest common factor of 404 and 1611556.
404
Calculate the highest common factor of 20876 and 340.
68
What is the highest common factor of 5050 and 9550?
50
Calculate the greatest common divisor of 18 and 12828.
6
What is the highest common divisor of 7550 and 200?
50
What is the highest common divisor of 299 and 185432?
13
What is the highest common factor of 30 and 173925?
15
Calculate the highest common divisor of 128 and 65344.
64
What is the highest common factor of 15889450 and 50?
50
Calculate the highest common factor of 15444 and 27918.
594
What is the highest common factor of 34 and 54383?
17
Calculate the greatest common factor of 221 and 1677.
13
Calculate the highest common factor of 2610 and 354380.
290
Calculate the highest common divisor of 1026 and 75222.
54
What is the greatest common divisor of 14602 and 2156?
98
Calculate the greatest common factor of 5096 and 26362.
98
What is the highest common divisor of 246 and 307008?
246
Calculate the greatest common factor of 8234064 and 16.
16
What is the highest common factor of 11 and 22682?
11
Calculate the highest common divisor of 2976 and 22506.
186
Calculate the greatest common factor of 172121 and 247.
19
What is the greatest common divisor of 16896 and 336?
48
What is the greatest common factor of 667 and 17455390?
667
Calculate the highest common divisor of 439 and 172527.
439
What is the highest common divisor of 2670 and 124422?
534
What is the highest common factor of 564120 and 594?
18
What is the highest common factor of 788305 and 303?
101
What is the highest common factor of 2030 and 79460?
290
Calculate the greatest common divisor of 6412 and 812.
28
Calculate the greatest common factor of 258 and 2281881.
129
What is the highest common divisor of 76550 and 250?
50
What